. Let t be h(-6). Suppose f + 1 = -0*p + 3*p, -t*f = p - 7. Let j(i) = i**3 - 2*i**2 + 12*i**f + 3 + 8*i - 3*i**2. What is j(-6)?
-9
Let v(f) be the second derivative of -f**5/20 - 3*f**4/4 - f**3 + 67*f**2/2 + 2*f - 5. Determine v(-5).
-3
Let m(h) = -h**3 - 16*h**2 - 15*h + 1. Let p be m(-15). Suppose -4*l + 25 = -5*o, -27 = 3*o - 5*l + p. Let i be -1*o/((-6)/4)*-12. Let g(t) = -t - 1. Give g(i).
-9
Let m(t) = 138625*t - 277242*t - 16 + 138629*t. What is m(-6)?
-88
Let a(j) = -j**2 - 42*j + 928. Let v be a(-58). Let f(u) = 2*u**2 - 21*u + 2. Determine f(v).
2
Suppose -31*b = -19*b - 36. Let o(a) = 4*a**2 + 17269*a**3 - b*a - a + 4 - 17268*a**3. Determine o(-5).
-1
Suppose -4*v - 5*z + 8 = 0, 2*z - 3 + 11 = 0. Let y(b) = -4*b + 41. Calculate y(v).
13
Suppose -75 = 11*s - 350. Suppose -s*i = -17*i. Let k(r) = -r**2 + r + 1. Determine k(i).
1
Let n(p) = -p**2 - 8. Let h be n(0). Let d be 1 - 11/(44/h). Let o(b) = -4*b + 1 + 1 - 4. What is o(d)?
-14
Let l(z) = -z - 10. Suppose -5*q - 5*n + 100 = 0, n - 41 = -4*q + 33. Let b(u) = 18 + 5*u**2 - 3*u**2 - 3*u**2 + 17*u. Let v be b(q). Give l(v).
-10
Let q = -19 - -9. Let j(s) = 0*s**2 - 13*s**2 - 7 + 11*s**2 + s**2 - 13*s - 8. Calculate j(q).
15
Let a(k) = -k**3 + 7*k**2 + 2*k - 40. Let p be a(3). Let r(n) be the third derivative of 0*n**3 - 4*n**p + 0 - 1/60*n**5 + 0*n**4 + 0*n. Determine r(4).
-16
Suppose -r - u = 2 - 11, 2*r - u = 9. Let h(v) = -6307 + 5*v**2 + 6305 - r*v**2 + 5*v. Calculate h(5).
-2
Let l(f) be the second derivative of f**3/3 + 6*f. Suppose -403*x = 3*w - 407*x - 14, x = 4*w - 10. Give l(w).
4
Let j(g) = -3*g - 1 + 3 - 1. Let o(p) = 34*p - 99. Let c be o(3). Let q be (-2)/(c - (-42)/(-18)). Give j(q).
10
Let q(u) = u**2 + 6*u - 6. Let v(m) = -3*m**3 + 7*m**2 - 16. Let x(d) = -4*d**3 + 6*d**2 - 2*d - 16. Let z(h) = -5*v(h) + 4*x(h). Let n be z(-10). What is q(n)?
-14
Let f be (2 - -1)/(-6 + 19/3). Suppose w + 7 = -5*k - 11, -2*w + 5*k + f = 0. Let b(p) = -4*p - 6. Determine b(w).
6
Let w(k) = 14*k**2 - 6 + 12*k - 34*k**3 - 28*k**3 + 63*k**3. Let h be w(-13). Let s(f) = 5*f - 7 - 10*f + h*f**2 + 6*f**3 - 5*f**3 - 5*f. What is s(-8)?
9
Suppose -4 = h - 8. Let y(c) be the third derivative of c**4/4 - 5*c**3/6 - c**2 - 3. What is y(h)?
19
Let z(x) be the second derivative of -x**4/4 + x**3/2 + 49*x**2 - 66*x. Let w(i) = i**2 - i - 33. Let b(h) = -11*w(h) - 4*z(h). What is b(0)?
-29
Let h(a) = a**3 - a**2 + a + 28. Let d(w) = -2*w**2 - 40*w - 68. Let s be d(-21). Let r = s + 110. What is h(r)?
28
Let t(l) be the third derivative of l**4/24 - l**3 - 10*l**2. Let v = 1 - -60. Let n = -54 + v. What is t(n)?
1
Suppose -661*x = -666*x + 25. Let v(y) = 24*y - 3. Let c(f) = -29*f + 4. Let o(h) = x*c(h) + 6*v(h). Calculate o(7).
-5
Let m(j) = -5*j + 3 - 3*j**3 - 8*j**2 + 2 + 7 - 14*j**2. Let k be m(-7). Let g(h) = -2*h**2 + 4. What is g(k)?
-4
Let o(h) = 2*h**3 + 2*h + 2. Suppose 0*v + 13 = -v - 5*b, 0 = 5*b + 15. Let z be o(v). Let i(r) = -z*r + 13*r + 9 + 10*r. Give i(0).
9
Suppose -988 = -39*w + w. Suppose 30 = -5*l - 3*i, w + 4 = -5*l + 2*i. Let t(p) = -p**3 - 4*p**2 + 9*p + 6. What is t(l)?
24
Let x(v) = -2*v**2 - 2*v - 1. Suppose 231*h = 229*h. Suppose i - 3*g - 1 - 1 = 0, 5*i - 2*g - 10 = h. Determine x(i).
-13
Suppose -8*t - 490 = -10*t. Let g = t - 239. Let y(c) = 4*c - 3. Let r(i) = 5*i - 3. Let u(p) = 5*r(p) - 6*y(p). What is u(g)?
9
Let z(c) = c**2 + 32*c - 35. Suppose 0 = 5*j - 4*h + 169, -106 = 4*j + 3*h + 23. Let b be z(j). Let a(f) = f**2 - 2. What is a(b)?
2
Let t be 2/(-3) - (-104)/(-24). Let y(c) = -14*c - 41. Let r(n) = 40*n + 118. Let i(k) = -6*r(k) - 17*y(k). What is i(t)?
-1
Let h(c) = 60 - 361*c + 660*c - 329*c. Calculate h(2).
0
Let b be 4/6 + (-2)/3. Suppose b = -0*z - z + 2. Let l(y) = -2*y - 190. Let h(o) = -8*o - 506. Let p(v) = -3*h(v) + 8*l(v). Give p(z).
14
Let m(c) = 28*c - 116. Suppose -20 = 71*t - 76*t. What is m(t)?
-4
Let f(d) = -d - 18. Let h(b) = -7*b - 125. Let u(g) = 6*f(g) - h(g). Determine u(0).
17
Suppose -23*j - 5*c = -22*j - 35, 11*j - 4*c = 90. Let b(l) = l + 5 + 2 - 3. Calculate b(j).
14
Suppose 11 = -5*r + 31. Suppose 4*j - 2*i = -46, -5*j = -2*i + 17 + 39. Let h be r*1*j/(-8). Let q(u) = -u**3 + 5*u**2 + 2*u - 1. Determine q(h).
9
Let f(v) = -v**2 - 5*v - 3. Let n be (-2 + (-5)/1)*5. Let d be 3/(-15) - 462/n. Let t = d + -17. Give f(t).
1
Let k(v) = 7*v**3 - 25*v**2 + 8*v - 8. Let f(l) = -10*l**3 + 40*l**2 - 12*l + 12. Let j(w) = 5*f(w) + 8*k(w). Determine j(1).
6
Let i(p) = 13*p**2 + 8*p - 12. Let g(a) = 2*a**2 + a - 2. Let k(n) = 6*g(n) - i(n). Let h = -31 + 26. Give k(h).
-15
Let m(y) = -4*y**2 + y - 20*y - 16*y - 56 + 52 - 5*y. Calculate m(-10).
-4
Let w(x) = -2 - 3*x + 0 - 2*x + 3*x. Suppose 3*u - 5*s - 25 = -4*s, 0 = -2*u + 4*s + 10. Suppose -4*f + u*f + 20 = 0. Determine w(f).
6
Let s be 72/504 - ((-1544)/(-28) - 2). Let n(i) = -i**3 - 56*i**2 - 159*i + 8. Give n(s).
8
Let j(g) be the second derivative of 1/6*g**3 + 3*g - 1/2*g**2 - 1/2*g**4 - 1/20*g**5 - 18. Determine j(-6).
-7
Let l(a) = 3. Let w(y) = -13*y - 3. Let r(t) = -2*l(t) + w(t). Determine r(4).
-61
Let g be 8 + (-3 - 3) - -25. Suppose -17*l = 7 + g. Let i(w) = 3*w. Give i(l).
-6
Let d(s) = 1 + 77*s - 30*s - 46*s. Suppose 20 = 3*r + 4*u, 18 = 5*r - 3*u + 4. Suppose 0 = 3*n - r*h, h = -n - 4*n. Give d(n).
1
Let l = 4087 - 4094. Let t(b) = b**3 + 4*b**2 - 18*b + 4. What is t(l)?
-17
Let n be ((-2)/(-6))/(11/((-165)/(-1))). Let j(h) = 4*h**3 - 7*h**2 + 4*h + 3. Let d(s) = 5*s**3 - 7*s**2 + 4*s + 2. Let y(w) = n*d(w) - 6*j(w). Give y(-8).
-40
Let v(l) = -2*l**2 + 23*l + 1. Let t be v(11). Let c be ((-8)/6 + 1)*t. Let p(u) = -u**3 - 4*u**2 - 5. Determine p(c).
-5
Let m(x) = x**2 + x + 1. Let p be m(-2). Let b(v) = -v**2 + 9*v. Let c = 533 + -537. Let l(h) = -h - 1. Let n(t) = c*l(t) - b(t). Determine n(p).
-2
Let g(b) = b - 55. Let r(j) = -j - 11. Let h(f) = 3*g(f) - 6*r(f). Determine h(11).
0
Let h(i) = -i**2 + i - 6. Suppose -p + 786 - 86 = 3*y, 4*p = -3*y + 2791. Let g = p - 694. What is h(g)?
-12
Suppose -l + 9 = -5*t - 31, -44 = -2*l + t. Let h(y) = -l*y - 7 - 13*y + 35*y. Suppose -17 = -4*s + 3. Calculate h(s).
3
Let z(t) = -2*t**2 + t + 2. Suppose 0 = -0*b - b - 4*r - 18, 2*r = -5*b. Let v be 5 - (7 - 8/b). Give z(v).
-4
Suppose -23*q + 7*q - 667 = 13*q. Let n(k) = 9*k + 212. What is n(q)?
5
Let y(n) = 9*n. Let c(o) = -11*o + 1. Let f(q) = -3*c(q) - 5*y(q). Calculate f(-3).
33
Let i = 6812 - 6805. Let y(k) = -k**2 + 9*k + 3. What is y(i)?
17
Let f(z) be the third derivative of z**6/120 - z**4/6 - z**3/6 - 185*z**2 + 17*z. Suppose -u = -3 - 3. Suppose 4*g + 3*c - 30 = -u, -g - 1 = -c. What is f(g)?
14
Let m(o) = 10*o + 51. Suppose c + 1 = -n - 0*n, 4*n - 1 = -3*c. Let u be m(c). Let q(w) = 2 + 2 - 6 + 3 + 2*w**2. What is q(u)?
3
Let s(m) = -5*m**2 + 2*m + 3. Let f(b) = b**2 + b + 1. Let p = -220 - -219. Let l(k) = p*s(k) + 2*f(k). Calculate l(1).
6
Let d(a) be the second derivative of a**5/20 + 4*a**4/3 - 17*a**3/6 + 11*a**2/2 - 239*a - 4. Give d(-17).
11
Let i(s) = 6*s**3 + 8*s**2 - 5*s**3 - 69515*s + 69520*s + 8. Calculate i(-7).
22
Let m(u) be the first derivative of -4*u**2 - 19*u + 2511. Calculate m(-5).
21
Let v(r) be the second derivative of r**6/120 + 7*r**5/60 + r**4/6 - 13*r**3/6 + 149*r**2/2 - 66*r. Let l(j) be the first derivative of v(j). Calculate l(-6).
-1
Let w(u) be the first derivative of -8*u**3/3 + u**2/2 + 1. Let h(l) = -9*l**2 + l. Let o(s) = 5*h(s) - 6*w(s). Suppose -137*d + 171 = -103. Calculate o(d).
10
Let w(c) = -7*c**2 - 3*c - 44. Let o(h) = -13*h**2 - 10*h - 82. Let v(z) = -4*o(z) + 7*w(z). Determine v(-6).
14
Suppose -61 - 79 = -4*k. Let i(o) = -7*o**2 - k*o + o**3 + 14 - 6 + 37*o + 0*o**3. Give i(6).
-16
Suppose -19*p + 62 + 147 = 0. Let i(y) = -y**3 + 12*y**2 - 13*y + 17. Determine i(p).
-5
Let o(m) = m**2 + 7*m - 10. Let l = 59 - 27. Let g = -29 + l. Suppose g*i = -1 - 23. Calculate o(i).
-2
Let o be (1 + 1)*(3 - 2). Suppose 5*i - 10 = o*s, 0 = 4*i - 0*i - 16. Let m = -3 + s. Let w(k) = 5*k - 1. What is w(m)?
9
Suppose -68*b + 264 = -64*b. Suppose -b = 10*y + y. Let h(l) be the first derivative of l**4/4 + 5*l**3/3 - 2*l**2 + 6*l - 1. Calculate h(y).
-6
Let w(x) be the second derivative of -x**7/840 + x**6/120 + x**5/30 - x**4/6 + 61*x**3